 the highest common factor of 5 and d?
5
Suppose -5*s - m = -116, 0*s - s + 5*m = -44. Calculate the greatest common divisor of s and 3.
3
Suppose 120 = 7*h - 2*h. Let l be (-160)/8*2/(-5). Let s = h - l. Calculate the greatest common divisor of 128 and s.
16
Let l = 12 + -18. Let z(r) = -r**2 - 7*r - 4. Let b be z(l). Suppose -b*u + 20 = 3*u. What is the highest common factor of 10 and u?
2
Let k = 0 + 6. Let l(b) = 7*b**2 + 0 - 5*b - b**3 - 2 + k. Let o be l(6). Calculate the greatest common divisor of 20 and o.
10
Let l be ((-507)/65)/(1/(-15)). What is the highest common divisor of 13 and l?
13
Let u(b) = -2*b + 3. Let t be u(0). Calculate the highest common divisor of t and 27.
3
Let n = -3 + -1. Let q be (3/(-4))/(n/16). Calculate the highest common divisor of 27 and q.
3
Let r(c) = c**3 + c - 1. Let p be r(1). Let w(y) = y**2 + 5*y + 5. Let x be w(-4). Calculate the highest common factor of p and x.
1
Suppose -5*h + 18 + 13 = 2*q, -5*h = 25. What is the highest common divisor of 8 and q?
4
Suppose -38 = 8*p - 102. What is the highest common factor of p and 1?
1
Suppose 49 + 23 = 12*t. What is the highest common factor of 6 and t?
6
Suppose -275 = -4*a - 3*c + 33, 5*a + 5*c - 380 = 0. What is the greatest common factor of a and 16?
16
Suppose 0*p + p - 3 = 0. Suppose 5*u - p*u - 8 = 0, -3*r = 2*u - 41. Calculate the greatest common divisor of 22 and r.
11
Let x be 258/21 - (-4)/(-14). What is the highest common divisor of 8 and x?
4
Let i = 28 - 16. Suppose -2*t - i = -n + 2*t, 5*n + 2*t = 38. What is the highest common factor of n and 72?
8
Suppose 2*z = 2*a + 100, z - 4*a = -0*z + 44. Calculate the greatest common factor of z and 13.
13
Let w be -4 - -5 - -1*129. Calculate the greatest common factor of w and 10.
10
Let n = 90 + 42. Let m be (1*-4)/(-1 - 0). Suppose -3*i + 48 = 5*z, 0 = m*z - 4*i - 29 - 35. Calculate the greatest common divisor of n and z.
12
Let s = 73 + -41. Suppose 0 = m - 5*m + s. Calculate the highest common divisor of 20 and m.
4
Suppose -50 = -4*d - 18. What is the highest common factor of 20 and d?
4
Let z(n) = -n - 6. Let l be z(-16). Calculate the greatest common divisor of 4 and l.
2
Let t(r) = 3*r**2 - r. Let j be t(1). Let h = j - -1. Calculate the greatest common factor of h and 15.
3
Let f(g) = 2*g**2 - 5*g + 8. Let w be f(-6). Suppose d = -d + 2, -5*v + 29 = -d. Let n be (-2)/(-3) + 56/v. What is the highest common factor of w and n?
10
Suppose 3*w - 3*j = -48, -4*w + 0*w - 2*j - 40 = 0. Let c be 3/w - 706/(-8). Calculate the highest common factor of 11 and c.
11
Suppose -3*z - 6 = 3, 45 = 3*t + z. Suppose -t = -2*y - 2*y. What is the highest common factor of 28 and y?
4
Suppose 5*p = 15, -2*p = 2*c - p - 25. Let k(w) = w + 1. Let x be k(c). Calculate the highest common factor of 108 and x.
12
Let u = 3 + -1. Let r be (21/6)/(1/u). Calculate the highest common factor of 35 and r.
7
Suppose 4*l - x - 2*x = -51, 0 = 2*l - x + 27. Let b = 41 - 19. Let k = b + l. What is the highest common factor of 49 and k?
7
Suppose -4*n - 3*v = -174, 5*n - 2*v + 5*v = 216. Let r be 6/9*39*2. Let z = 80 - r. What is the highest common divisor of n and z?
14
Let r = -50 - -65. Calculate the greatest common factor of r and 75.
15
Suppose h + 13 = 2*h. Suppose 0 = -11*w + h*w - 250. What is the greatest common divisor of w and 25?
25
Let r(v) be the first derivative of 2*v**3/3 - 2*v**2 + v + 2. Let u be r(-8). What is the highest common divisor of u and 23?
23
Suppose -2*r = 2*r - 744. Let t = -82 + r. Let q(v) = -12*v + 1. Let f be q(-1). What is the highest common divisor of t and f?
13
Let d be 3/(6/20) + 0. Let q = 20 - 10. Calculate the highest common divisor of d and q.
10
Suppose 0*s - 2079 = -7*s. What is the highest common divisor of s and 33?
33
Let x be 4*1*3/2. Suppose -3*z - 44 = -z. Let a = -16 - z. Calculate the highest common divisor of x and a.
6
Let y = -5 - -4. Let k = y - -4. What is the highest common divisor of 1 and k?
1
Let b = -87 - -215. What is the highest common factor of 16 and b?
16
Suppose -5*w - t = -56, -5*t + t = 5*w - 59. What is the greatest common factor of 77 and w?
11
Suppose -7*z + 24 = -5*z. Calculate the highest common divisor of 48 and z.
12
Suppose 5*r = -5*o + 2470, -4*o + 2*r = -2*o - 976. Let n = o + -302. Calculate the greatest common factor of 21 and n.
21
Let a = -27 + 16. Let z(q) = -q. Let y be z(a). Let d(m) = 6*m**2 - 3*m - 1. Let c be d(3). What is the highest common factor of y and c?
11
Let x(l) = 2*l**2 - 5*l - 6. Let p be x(-3). Calculate the greatest common divisor of 297 and p.
27
Suppose y = -2*y + 30. Let j be 46/(-2)*4/2. Let g be j/(-10) + 2/5. Calculate the greatest common factor of y and g.
5
Suppose -p + 4 = 2*h - 0, -2*h = -3*p + 36. Let z be 3 + -1 + 38 + 0. What is the greatest common factor of z and p?
10
Suppose -8*n = -3*n - 120. What is the greatest common factor of 3 and n?
3
Let z(m) = m**2 + 4 + 0*m - 4*m - 2*m. Let y be z(6). Suppose -65 = y*u - 225. What is the greatest common divisor of 10 and u?
10
Suppose -5*x + 5*s - 30 = s, 2*s + 6 = -x. Let h be 402/24 - x/(-8). Let r(u) = -u**2 + u + 4. Let p be r(0). Calculate the greatest common divisor of h and p.
4
Let a = 21 + -17. Suppose -4 = -4*w + 20. What is the greatest common divisor of a and w?
2
Suppose 33 = 3*y - 9. What is the highest common factor of 112 and y?
14
Let n(d) = 2*d. Let y be n(-3). Let k be (-2)/y - (-8)/(-6). Let x = 9 - k. What is the highest common factor of x and 25?
5
Let n be (-2)/4*(-1 + -3). Let r(b) = b**2 - 2*b + 4. Let m be r(-5). Suppose 0 = -5*l + 11 + m. What is the highest common divisor of l and n?
2
Let y(s) = -s**3 - 24*s**2 - 47*s - 39. Let v be y(-22). Calculate the greatest common factor of 9 and v.
9
Let f be -1 - (-4)/2 - -2. Let m(x) = x**3 + 2*x**2 - x - 2. Let g be m(f). Let o = 10 + -5. Calculate the greatest common factor of g and o.
5
Let g = -14 - -24. Calculate the highest common factor of 25 and g.
5
Let d = -4 + 8. Suppose 0*b - 2*b + 12 = 0. What is the greatest common divisor of b and d?
2
Suppose 0*k = 2*k - 38. Calculate the greatest common factor of 171 and k.
19
Let d(g) = -2*g - 11. Let v be d(-6). Let s = -4 - -7. Calculate the greatest common divisor of s and v.
1
Suppose -k + 2*x - 6 = 0, k - 3*x = 2*x - 21. Suppose f = k*s - 1, 5*f - s = -3*s + 17. What is the highest common divisor of f and 3?
3
Let h = 15 - -93. Calculate the greatest common factor of 27 and h.
27
Let d be (0 - 15/(-3)) + 17. What is the greatest common divisor of d and 198?
22
Suppose 5*h - 45 = 20. What is the greatest common factor of 104 and h?
13
Let k be 2/((-8)/(-6))*20. Suppose 4 - 7 = -l - b, -1 = -b. Let f be 2/(-4) + 21/l. What is the highest common factor of f and k?
10
Suppose -3*a = -7*a - 24. Let j be 48 + a/(-3) + 0. Let c = 74 - j. Calculate the highest common factor of c and 8.
8
Suppose 0*a - 32 = a. Let d = -8 - a. What is the greatest common divisor of 3 and d?
3
Let q(j) = j**3 - 2*j**2 - 6*j + 8. Let p be q(6). Suppose p = 3*v + v. Calculate the greatest common factor of 232 and v.
29
Suppose 2*b + 0*b = -g + 26, 0 = 3*g - 12. Let x(o) = o**3 - 11*o**2 + 10*o + 10. Let l be x(b). Calculate the highest common factor of 48 and l.
24
Let t be 78/15 + (-2)/10. Suppose -2*i + 54 = t*x - 0*x, 3*x + i - 33 = 0. Let h = 17 + 7. Calculate the highest common divisor of h and x.
12
Let u be (-12*(-20)/(-15))/(-2). Calculate the greatest common divisor of u and 40.
8
Suppose 3*o - 6 = -0. Suppose -o*p + 199 = -41. Calculate the greatest common factor of p and 15.
15
Suppose 5*h + 5*v - 483 = 282, 0 = v. What is the greatest common divisor of h and 17?
17
Suppose 0 = -c + 3*w + 8, -4*c - 4*w + 44 = -4. Let j be (-7)/(-14) + (-42)/(-4). What is the highest common factor of c and j?
11
Let c be -1 - (3 + -3 + -17). What is the highest common factor of 2 and c?
2
Suppose -24*k = -26*k + 210. Calculate the highest common divisor of 35 and k.
35
Let i be ((-3)/(-2))/((-3)/(-20)). Let o = i - 6. Suppose z + 0 = 2*h - o, -8 = -4*h + 3*z. Calculate the greatest common factor of h and 2.
2
Suppose 4*m - a - 134 = -14, -m + 25 = a. What is the greatest common divisor of m and 29?
29
Let i(p) = p**3 + 3*p**2 + p - 1. Let w be i(-2). Suppose 3 + 1 = g. Suppose